 0*o. Suppose 14 = y + u + 2*u, -4*u + a = 3*y. What are the prime factors of y?
2
Suppose -3*i - 19 + 181 = 0. What are the prime factors of i?
2, 3
Suppose 2*h - 73 = 9. Let m = h - -3. Suppose 4*c + 0*c = m. What are the prime factors of c?
11
Let j be (-1 - (-9)/15)*-15. Let b = j - 6. Let z(r) = r + 10. List the prime factors of z(b).
2, 5
Let a(u) = 48*u + 4. Let q(o) = 48*o + 5. Let i(p) = -3*a(p) + 2*q(p). List the prime factors of i(-1).
2, 23
Suppose 4*s - 4*w - 315 = 3*s, -3*s - 2*w = -889. List the prime factors of s.
13, 23
Suppose 4*c + j = 5*j + 24, 14 = 2*c - 4*j. Suppose 3*x + 1 = -l, 2*x = -l + x + c. What are the prime factors of l?
2
Let u = -40 - -101. List the prime factors of u.
61
Let k(g) = g**3 + 3*g**2 + 2*g - 2. Let b be k(-4). Let j = 42 + b. What are the prime factors of j?
2
Let t = -13 - -21. Let i(y) = -y**3 + 7*y**2 + 10*y - 7. Let b be i(t). What are the prime factors of b/(3 + 2*-1)?
3
Let p(b) = 11 - 2*b - 6 + 2. Let r be p(5). What are the prime factors of (-1)/(r/(-114)*-2)?
19
Suppose -20 = 4*y, 5*a - 101 = 2*y - 1. What are the prime factors of a?
2, 3
Let j(b) = 9*b. Let n be j(-2). Let v be (10/(-4))/((-10)/(-120)). List the prime factors of n/v + (-154)/(-10).
2
Suppose 3*i + 0*i - 162 = 0. What are the prime factors of i?
2, 3
Let b(d) = d**3 + 5*d**2 + 2*d + 5. Let f be b(-4). Suppose -4*g = -3*v - 61, 5*v + 30 = 3*g - f. Suppose -g = -3*a - a. List the prime factors of a.
2
Suppose -2*n - 7360 = -18*n. What are the prime factors of n?
2, 5, 23
Let t = -27 - -54. List the prime factors of t.
3
Let g(x) = -2 + 5*x**2 + 3 + 3*x - 3*x. List the prime factors of g(2).
3, 7
Let l = 14 - 10. Suppose l*p + 0*p - 76 = 0. What are the prime factors of p?
19
What are the prime factors of 12/(-9) + (-296)/(-6)?
2, 3
Let m(g) = -g**2 - 8*g + 3. Let v be m(-6). Let w = v + 3. List the prime factors of w.
2, 3
Suppose 3*k + k = 8. Suppose -k*o = -0*o - 16. What are the prime factors of o?
2
Let d(b) = -4*b - 1. Let t be d(-3). Let y = t - 5. What are the prime factors of y?
2, 3
Let l = 13 + -5. What are the prime factors of l?
2
Let o = 1 + 8. Let y = 30 - o. List the prime factors of y.
3, 7
Let k(m) = m**3 + 4*m**2 - 2*m - 4. Let v(c) = c**2 + c - 3. Suppose 0 = -0*u - u. Let l be v(u). What are the prime factors of k(l)?
11
List the prime factors of 12/(-24) + 65/2.
2
Suppose 0 = -5*f + 2*f + 390. List the prime factors of f.
2, 5, 13
Suppose -k = 5*w + 21, k = -3*w - w - 17. Let q be (-10)/(-4) - 2/w. Suppose -4*u = q*d - 37, 0 = -4*d - 5*u + u + 48. List the prime factors of d.
11
Let p(f) = 4*f**2 - 1. Let y be (-3)/(-6)*-2*1. Let c be p(y). Suppose 0 = -c*m + 2*i + 40, 4*i - 40 = 3*m - 7*m. List the prime factors of m.
2, 3
What are the prime factors of (-122)/(-4)*(-1 + -3 + 10)?
3, 61
Let w = 3 + 1. Suppose 2*f - 57 = -3*p, w*p - 5*f - 72 - 27 = 0. What are the prime factors of p?
3, 7
Suppose 4*r - 6 - 2 = 0. Suppose r*s - 35 = 7. What are the prime factors of s?
3, 7
Let k be (9/6)/(3/6). List the prime factors of 49 - (k - 2)*4.
3, 5
Let c(h) = 4*h**2 - 2*h + 1. What are the prime factors of c(2)?
13
Let t = -14 - -5. What are the prime factors of (t/27)/((-2)/48)?
2
Let j be (-2)/7 - 32/(-14). Suppose -3*t = -2*r + 7, 6*r - 6 = 4*r + j*t. Suppose 7*o - 10 = r*o - 5*b, 4*b = -16. What are the prime factors of o?
2, 3
Let g(d) = d**2 - 5. What are the prime factors of g(-4)?
11
Suppose 5*b - 259 = -29. What are the prime factors of b?
2, 23
Let g be (-1)/((-3)/210)*1. Suppose 3*n - 2*z = -0*z + g, -5*n + 123 = 3*z. Let k = n + -13. What are the prime factors of k?
11
Suppose 44 = 5*b - 3*b. List the prime factors of (b/(-4))/(4/(-8)).
11
Suppose 0 = -3*r + 4*g - g - 45, g = 5*r + 95. Let d be ((-6)/(-4))/(2/r). Let x = -8 - d. What are the prime factors of x?
7
Let y(x) be the first derivative of -x**2/2 + 29*x - 7. List the prime factors of y(0).
29
Let f(o) = -o**2 - 12*o - 1. What are the prime factors of f(-10)?
19
Let k be (-2)/4 - (-1)/2. List the prime factors of (1 + -2 + k)*-14.
2, 7
Let d = 1 + 11. Suppose 2*f = -d + 38. List the prime factors of f.
13
Suppose 0 = 5*x - 0*x + 45. Let u = x - -22. List the prime factors of u.
13
What are the prime factors of ((-1380)/18)/(2*2/(-12))?
2, 5, 23
Suppose a + 4*a + 25 = 0. Let l = -4 - a. Suppose l - 15 = -2*w. List the prime factors of w.
7
Suppose 6 = 3*u - 2*c, u - 8 = -3*u + c. Suppose -10 + 26 = u*b. List the prime factors of b.
2
Let j be 1/(-3) + 124/12. Let d be (8/j)/(2/(-10)). Let i(s) = -3*s - 5. List the prime factors of i(d).
7
Let z be 1 + 2 + (-3)/1. Suppose z + 4 = s. Suppose 7*d = 3*d + s*a + 24, 4 = 2*d + 2*a. What are the prime factors of d?
2
Suppose 2*s = -1 + 5. Suppose 0*a + 10 = s*a. What are the prime factors of a?
5
Suppose -2*u = u. Let w be 1/2*(u + 82). Suppose 4*h + h = b + w, -h - 3*b + 5 = 0. List the prime factors of h.
2
Let u = -1 - -1. Let z be (1 + u)*(-2 + 7). Let p = z + 2. What are the prime factors of p?
7
Let b(q) = q**3 + 4*q**2 - 5*q + 7. Let w be b(-5). List the prime factors of (-3 - -2)*w*-1.
7
Let i(a) = a**3 - 6*a**2 - 2*a. Let f(n) = -n**3 + n**2 + n. Let r(z) = -2*f(z) - i(z). List the prime factors of r(-2).
2
List the prime factors of 26 + 0 + 3 + 0.
29
Suppose 4*v - 100 = -4*r, -2*v + 95 = 4*r + v. List the prime factors of r + 6/(-3 - -6).
2, 11
Let a(b) be the second derivative of 7*b**4/4 + b**3/2 + b**2 + 2*b. List the prime factors of a(-1).
2, 5
Suppose 0 = -9*w + 4*w + 115. Let r(a) = a**3 + a**2 + 4*a + 3. Let q be r(-2). Let v = w + q. List the prime factors of v.
2, 7
Suppose 5*p = p. Let c(v) = -2*v - 6. Let o be c(-5). Suppose p = 3*r + 3*d - 42, -o*r + d + 4 = -32. What are the prime factors of r?
2, 5
Let d(k) = -17*k - 3. Let v be d(-2). Suppose -s + 2*h - v = -6*s, -22 = -5*s + h. List the prime factors of s.
5
Let w(l) = 5*l - 14. What are the prime factors of w(12)?
2, 23
What are the prime factors of -9 + 87 - (-6)/2?
3
Let o(h) = -h**3 + 7*h**2 - 2*h. What are the prime factors of o(5)?
2, 5
Suppose -b + 6*b - 20 = -4*s, -41 = -2*b + 5*s. Suppose h = -3*h + b. What are the prime factors of 3 + 2/(h + -1)?
5
Suppose 2*n = 2 + 6. List the prime factors of n.
2
List the prime factors of 48 + 0 - (-13 - -11).
2, 5
Let c(o) = o**3 + 7*o**2 + 9. Let u be 37/(-5) + (-10)/(-25). List the prime factors of c(u).
3
Let p = -54 - -90. What are the prime factors of p?
2, 3
Suppose u - 44 = 1. Suppose -4*j - 2*i = -78, -4*i = 2*j - i - u. List the prime factors of j.
2, 3
Let t be (-2 - -3) + 1/1. What are the prime factors of (14 - (1 + 2)) + t?
13
Suppose q - 4*q + 2*l - 3 = 0, -3*l - 3 = 3*q. Let o be ((-2)/q - -1) + -37. Let p = o - -48. What are the prime factors of p?
2, 7
Let p = -47 + 130. List the prime factors of p.
83
Let z = 77 + -54. What are the prime factors of z?
23
Let p = -2 + 2. Suppose -i = 4*u + 35 + 16, 5*i = -4*u - 63. What are the prime factors of (p - u/15)*10?
2
Suppose -4*u - 33 - 34 = 5*l, 5*l + u = -58. Let d = 53 + l. List the prime factors of d.
2, 3, 7
Let b(r) = -r + 9. Let g be 22/3 - (-2)/3. Let m be b(g). Let l(d) = 13*d**3 + d**2 - d. List the prime factors of l(m).
13
Suppose -3*c - 2*c = -155. Suppose 4*r = -i + 95 + c, -5*r + 4*i = -147. List the prime factors of r.
31
Suppose 3*c - 207 = 5*k - 0*k, -3*c + 207 = 3*k. What are the prime factors of c?
3, 23
List the prime factors of 6/(-33) - (-35)/11.
3
Let b(v) = -85*v - 24. List the prime factors of b(-4).
2, 79
Suppose -4*n + 0*u - 1494 = -2*u, 4*u = 3*n + 1113. List the prime factors of ((-4)/10)/(5/n).
2, 3, 5
Let j = 7 + -4. Suppose 0 = -j*q - 2*q. Let w(x) = x + 11. What are the prime factors of w(q)?
11
Suppose 0 = -0*r - 5*r. Let y = r - -2. List the prime factors of (y/(-5))/((-4)/20).
2
Let s = -16 + 95. List the prime factors of s.
79
Let m(v) = 3*v. List the prime factors of m(2).
2, 3
List the prime factors of -2 + (4 - 2) + 61.
61
Suppose 3*s = -5*d + 192 + 53, 0 = 3*d - 2*s - 128. What are the prime factors of d?
2, 23
Let n(s) = 6*s**3 + s**2 - 10*s + 3. Let l(c) = c**3 - c**2 - c - 1. Let d(h) = 5*l(h) - n(h). Let w be d(-7). Let y = w + -3. What are the prime factors of y?
3
Let h(p) = 7*p**3 + p - 1. What are the prime factors of h(1)?
7
Suppose 275 = 5*p - 240. What are the